vided by 16444?
1528
What is the remainder when 327686 is divided by 27296?
134
What is the remainder when 33165 is divided by 7770?
2085
What is the remainder when 16528747 is divided by 10?
7
What is the remainder when 665552 is divided by 22?
8
Calculate the remainder when 63069 is divided by 12232.
1909
What is the remainder when 15458053 is divided by 390?
13
Calculate the remainder when 57176 is divided by 2857.
36
What is the remainder when 3982533 is divided by 510?
453
Calculate the remainder when 53884903 is divided by 8980816.
7
Calculate the remainder when 399461518 is divided by 97.
95
What is the remainder when 15377338 is divided by 1012?
1010
What is the remainder when 283844 is divided by 3051?
101
What is the remainder when 81216828 is divided by 248?
52
What is the remainder when 180448 is divided by 1750?
198
What is the remainder when 58707 is divided by 1227?
1038
Calculate the remainder when 2847546 is divided by 62.
10
Calculate the remainder when 914234 is divided by 37.
1
What is the remainder when 914473 is divided by 642?
265
Calculate the remainder when 4267821 is divided by 1779.
0
What is the remainder when 97322 is divided by 1026?
878
What is the remainder when 2026968 is divided by 225218?
6
What is the remainder when 244843 is divided by 40801?
37
Calculate the remainder when 26920943 is divided by 18.
17
Calculate the remainder when 1571613 is divided by 114.
9
What is the remainder when 12536 is divided by 6089?
358
Calculate the remainder when 2000085 is divided by 133338.
15
What is the remainder when 666470 is divided by 2185?
45
Calculate the remainder when 55433144 is divided by 734.
730
Calculate the remainder when 453703003 is divided by 105.
103
What is the remainder when 5788190 is divided by 87?
80
What is the remainder when 1998950 is divided by 6776?
30
What is the remainder when 1061427 is divided by 335?
147
Calculate the remainder when 179757 is divided by 5788.
329
What is the remainder when 24367688 is divided by 186?
14
What is the remainder when 244747 is divided by 40695?
577
What is the remainder when 188647 is divided by 929?
60
What is the remainder when 204848080 is divided by 18?
16
Calculate the remainder when 559515 is divided by 268.
199
What is the remainder when 1074838 is divided by 260?
258
What is the remainder when 826435 is divided by 158?
95
Calculate the remainder when 3843512 is divided by 128115.
62
Calculate the remainder when 3852831 is divided by 52.
47
What is the remainder when 237277871 is divided by 624?
623
Calculate the remainder when 164453545 is divided by 421.
420
Calculate the remainder when 60412 is divided by 981.
571
What is the remainder when 581463 is divided by 1589?
1478
Calculate the remainder when 976392 is divided by 10.
2
What is the remainder when 47106543 is divided by 100655?
3
What is the remainder when 11117 is divided by 5384?
349
What is the remainder when 31784 is divided by 137?
0
What is the remainder when 448982 is divided by 898?
880
Calculate the remainder when 147075 is divided by 471.
123
What is the remainder when 1287449 is divided by 1287130?
319
What is the remainder when 69347 is divided by 2219?
558
Calculate the remainder when 81245891 is divided by 4814.
13
What is the remainder when 1700227 is divided by 80963?
4
Calculate the remainder when 5584733 is divided by 285.
158
What is the remainder when 3877998 is divided by 131?
5
What is the remainder when 634033 is divided by 145?
93
Calculate the remainder when 4684844 is divided by 1022.
1018
What is the remainder when 152593107 is divided by 36558?
15
What is the remainder when 76629 is divided by 3189?
93
What is the remainder when 1471742 is divided by 819?
818
What is the remainder when 644210 is divided by 249?
47
Calculate the remainder when 110826 is divided by 524.
262
Calculate the remainder when 43121 is divided by 4237.
751
Calculate the remainder when 40187540 is divided by 8765.
15
Calculate the remainder when 26688017 is divided by 1211.
1210
What is the remainder when 162727 is divided by 13436?
1495
Calculate the remainder when 4061825 is divided by 812363.
10
What is the remainder when 33177 is divided by 1863?
1506
What is the remainder when 26255 is divided by 1630?
175
What is the remainder when 1769790 is divided by 3806?
0
What is the remainder when 1276226 is divided by 20584?
18
What is the remainder when 111290 is divided by 5556?
170
Calculate the remainder when 395910 is divided by 24.
6
Calculate the remainder when 6717804 is divided by 11.
5
What is the remainder when 127645 is divided by 41183?
4096
Calculate the remainder when 2308442 is divided by 1931.
897
Calculate the remainder when 43732 is divided by 3951.
271
Calculate the remainder when 245536 is divided by 3523.
2449
Calculate the remainder when 630608 is divided by 1628.
572
What is the remainder when 774157 is divided by 259?
6
Calculate the remainder when 11345771 is divided by 353.
351
Calculate the remainder when 377160899 is divided by 9.
5
Calculate the remainder when 7607496 is divided by 82.
28
What is the remainder when 2724859 is divided by 820?
819
What is the remainder when 63789767 is divided by 882?
881
What is the remainder when 38833 is divided by 743?
197
Calculate the remainder when 326434 is divided by 108797.
43
What is the remainder when 42475940 is divided by 99?
89
What is the remainder when 37433971 is divided by 111?
109
What is the remainder when 1501306 is divided by 1758?
1732
What is the remainder when 1234372 is divided by 14515?
597
Calculate the remainder when 5734801 is divided by 9558.
1
Calculate the remainder when 135805 is divided by 45265.
10
What is the remainder when 127060547 is divided by 1579?
1575
What is the remainder when 1646481 is divided by 548691?
408
What is the remainder when 142557223 is divided by 37?
34
Calculate the remainder when 19870761 is divided by 10.
1
What is the remainder when 22286251 is divided by 126?
1
What is the remainder when 2657826 is divided by 430?
426
What is the remainder when 1188576837 is divided by 60?
57
Calculate the remainder when 2789916 is divided by 789.
12
What is the remainder when 4656050 is divided by 452?
450
Calculate the remainder when 12469492 is divided by 217.
21
What is the remainder when 627444 is divided by 104565?
54
What is the remainder when 1759177 is divided by 275?
2
Calculate the remainder when 73931 is divided by 18465.
71
What is the remainder when 141063 is divided by 445?
443
What is the remainder when 320194 is divided by 3969?
2674
What is the remainder when 1154989 is divided by 252?
73
What is the remainder when 25067 is divided by 12200?
667
What is the remainder when 229962 is divided by 1586?
1578
What is the remainder when 69896 is divided by 42?
8
Calculate the remainder when 106190 is divided by 20273.
4825
Calculate the remainder when 618756 is divided by 332.
240
What is the remainder when 3808957 is divided by 126963?
67
What is the remainder when 54791196 is divided by 2846?
4
What is the remainder when 2484990 is divided by 1242018?
954
Calculate the remainder when 3022874 is divided by 47.
22
What is the remainder when 68969 is divided by 573?
209
What is the remainder when 671585 is divided by 346?
345
Calculate the remainder when 26190 is divided by 330.
120
What is the remainder when 9163701 is divided by 380?
1
Calculate the remainder when 14086 is divided by 1401.
76
What is the remainder when 119790 is divided by 1882?
1224
Calculate the remainder when 2564572 is divided by 256444.
132
What is the remainder when 1706555 is divided by 143?
136
What is the remainder when 18057777 is divided by 355?
347
Calculate the remainder when 737294 is divided by 9530.
3484
Calculate the remainder when 2100612 is divided by 44.
8
What is the remainder when 129821699 is divided by 20?
19
What is the remainder when 6526570 is divided by 111?
103
What is the remainder when 158239 is divided by 4164?
7
What is the remainder when 13864821 is divided by 618?
609
Calculate the remainder when 47931032 is divided by 17260.
12
Calculate the remainder when 321594 is divided by 76.
38
Calculate the remainder when 577585 is divided by 288294.
997
What is the remainder when